 the thousands digit of 19077?
9
What is the hundreds digit of 8492?
4
What is the hundreds digit of 288?
2
What is the hundreds digit of 782?
7
What is the thousands digit of 5731?
5
What is the hundreds digit of 3889?
8
What is the units digit of 40342?
2
What is the units digit of 42133?
3
What is the units digit of 134?
4
What is the tens digit of 947?
4
What is the hundreds digit of 1977?
9
What is the units digit of 5158?
8
What is the units digit of 628?
8
What is the hundreds digit of 946?
9
What is the tens digit of 222?
2
What is the tens digit of 46958?
5
What is the hundreds digit of 73622?
6
What is the hundreds digit of 122024?
0
What is the hundreds digit of 463?
4
What is the hundreds digit of 5906?
9
What is the tens digit of 6630?
3
What is the hundreds digit of 3771?
7
What is the units digit of 16644?
4
What is the tens digit of 86729?
2
What is the tens digit of 1299?
9
What is the units digit of 33223?
3
What is the tens digit of 1772?
7
What is the tens digit of 8200?
0
What is the units digit of 14478?
8
What is the tens digit of 1344?
4
What is the units digit of 4997?
7
What is the tens digit of 10014?
1
What is the hundreds digit of 957?
9
What is the thousands digit of 1006?
1
What is the thousands digit of 2530?
2
What is the tens digit of 4581?
8
What is the units digit of 26088?
8
What is the thousands digit of 1622?
1
What is the tens digit of 25214?
1
What is the hundreds digit of 3536?
5
What is the units digit of 10027?
7
What is the units digit of 2348?
8
What is the units digit of 42?
2
What is the tens digit of 1593?
9
What is the units digit of 2453?
3
What is the hundreds digit of 825?
8
What is the units digit of 5276?
6
What is the tens digit of 38283?
8
What is the hundreds digit of 24106?
1
What is the units digit of 78895?
5
What is the hundreds digit of 715?
7
What is the ten thousands digit of 11921?
1
What is the tens digit of 22?
2
What is the tens digit of 865?
6
What is the hundreds digit of 4176?
1
What is the units digit of 140?
0
What is the thousands digit of 167779?
7
What is the units digit of 501?
1
What is the thousands digit of 9387?
9
What is the thousands digit of 117418?
7
What is the thousands digit of 40626?
0
What is the tens digit of 2762?
6
What is the hundreds digit of 112813?
8
What is the units digit of 2266?
6
What is the ten thousands digit of 60115?
6
What is the thousands digit of 10090?
0
What is the hundreds digit of 12187?
1
What is the tens digit of 22592?
9
What is the hundreds digit of 6403?
4
What is the thousands digit of 1718?
1
What is the tens digit of 11953?
5
What is the tens digit of 10835?
3
What is the tens digit of 1229?
2
What is the tens digit of 910?
1
What is the units digit of 64332?
2
What is the units digit of 1687?
7
What is the tens digit of 25668?
6
What is the tens digit of 18529?
2
What is the ten thousands digit of 42637?
4
What is the hundreds digit of 95713?
7
What is the hundreds digit of 785?
7
What is the tens digit of 7417?
1
What is the thousands digit of 20601?
0
What is the ten thousands digit of 10391?
1
What is the hundreds digit of 1438?
4
What is the hundreds digit of 483?
4
What is the units digit of 326?
6
What is the hundreds digit of 18448?
4
What is the thousands digit of 22240?
2
What is the units digit of 2203?
3
What is the thousands digit of 4683?
4
What is the hundreds digit of 32628?
6
What is the tens digit of 1031?
3
What is the tens digit of 2460?
6
What is the hundreds digit of 19654?
6
What is the hundreds digit of 355?
3
What is the tens digit of 49845?
4
What is the ten thousands digit of 134717?
3
What is the tens digit of 632?
3
What is the tens digit of 1721?
2
What is the units digit of 951?
1
What is the ten thousands digit of 16597?
1
What is the tens digit of 80801?
0
What is the tens digit of 1054?
5
What is the tens digit of 2620?
2
What is the units digit of 4910?
0
What is the tens digit of 255?
5
What is the thousands digit of 2459?
2
What is the thousands digit of 1211?
1
What is the thousands digit of 6915?
6
What is the thousands digit of 12099?
2
What is the units digit of 4534?
4
What is the thousands digit of 8662?
8
What is the tens digit of 1293?
9
What is the units digit of 1562?
2
What is the thousands digit of 5577?
5
What is the units digit of 9655?
5
What is the thousands digit of 6091?
6
What is the tens digit of 30870?
7
What is the units digit of 8100?
0
What is the thousands digit of 22304?
2
What is the units digit of 104980?
0
What is the hundreds digit of 4204?
2
What is the units digit of 72523?
3
What is the units digit of 626?
6
What is the hundreds digit of 6892?
8
What is the units digit of 34775?
5
What is the units digit of 6966?
6
What is the units digit of 14230?
0
What is the tens digit of 1253?
5
What is the hundreds digit of 5082?
0
What is the units digit of 147?
7
What is the ten thousands digit of 14391?
1
What is the thousands digit of 171893?
1
What is the units digit of 4095?
5
What is the units digit of 106?
6
What is the hundreds digit of 1600?
6
What is the thousands digit of 43751?
3
What is the units digit of 148?
8
What is the tens digit of 47709?
0
What is the ten thousands digit of 13195?
1
What is the hundreds digit of 1362?
3
What is the units digit of 8862?
2
What is the hundreds digit of 1973?
9
What is the hundreds digit of 12790?
7
What is the units digit of 528?
8
What is the tens digit of 24457?
5
What is the tens digit of 77159?
5
What is the thousands digit of 8034?
8
What is the hundreds digit of 82094?
0
What is the thousands digit of 23690?
3
What is the tens digit of 616?
1
What is the tens digit of 925?
2
What is the thousands digit of 17263?
7
What is the hundreds digit of 6928?
9
What is the hundreds digit of 23265?
2
What is the thousands digit of 4112?
4
What is the hundreds digit of 2281?
2
What is the hundreds digit of 31664?
6
What is the ten thousands digit of 36397?
3
What is the units digit of 4758?
8
What is the tens digit of 4696?
9
What is the thousands digit of 3373?
3
What is the tens digit of 6370?
7
What is the units digit of 449?
9
What is the units digit of 755?
5
What is the tens digit of 22557?
5
What is the hundreds digit of 911?
9
What is the tens digit of 16473?
7
What is the hundreds digit of 456?
4
What is the thousands digit of 87969?
7
What is the units digit of 4554?
4
What is the units digit of 703?
3
What is the tens digit of 3760?
6
What is the tens digit of 690?
9
What is the thousands digit of 13201?
3
What is the hundreds digit of 922?
9
What is the units digit of 14869?
9
What is the hundreds digit of 93988?
9
What is the hundreds digit of 32095?
0
What is the hundreds digit of 957?
9
What is the hundreds digit of 2725?
7
What is the tens digit of 9214?
1
What is the tens digit of 137726?
2
What is the hundred thousands digit of 122871?
1
What is the thousands digit of 3840?
3
What is the tens digit of 226?
2
What is the units digit of 6304?
4
What is the tens digit of 9174?
7
What is the units digit of 2762?
2
What is the thousands digit of 20269?
0
What is the thousands digit of 3218?
3
What is the ten thousands digit of 10002?
1
What is the units digit of 777?
7
What is the hundreds digit of 3119?
1
What is the tens digit of 10121?
2
What is the tens digit of 679?
7
What is the units digit of 623?
3
What is the tens digit of 2411?
1
What is the hundred thousands digit of 137984?
1
What is the thousands digit of 2502?
2
What is the ten thousands digit of 28201?
2
What is the thousands digit of 1711?
1
What is the ten thousands digit of 31402?
3
What is the thousands digit of 1506?
1
What is the tens digit of 1172?
7
What is the ten thousands digit of 22192?
2
What is the hundreds digit of 15287?
2
What is the hundreds digit of 30452?
4
What is the hundreds digit of 28679?
6
What is the hundreds digit of 732?
7
What is the hundreds digit of 36647?
6
What is the tens digit of 98678?
7
What is the units digit of 3915?
5
What is the tens digit of 102?
0
What is the tens digit of 3676?
7
What is the tens digit of 7389?
8
What is the tens digit of 1020?
2
What is the units digit of 48?
8
What is the units digit of 1147?
7
What is the thousands digit of 123122?
3
What is the units digit of 1344?
4
What 